t q(n) = w*p(n) + 4*u(n). Let j be (-2)/(-4) + (-1)/2. Give q(j).
15
Let d(w) = w**2 + 2*w - 6. Let n be d(-4). Let v(y) = -4*y + n*y - y. Let c(k) = 6*k + 1. Let q(m) = -4*c(m) - 7*v(m). Give q(3).
-13
Let g(z) be the second derivative of -z + 1/3*z**3 + 0 + 3/2*z**2 - 1/6*z**4 - 1/10*z**5. Let q be ((-4)/3)/((5 - 7) + 120/45). Determine g(q).
7
Let f(t) = -4*t**2 - 4*t - 2. Let o(x) = 7*x**2 + 6*x + 4. Let c(n) = 5*f(n) + 3*o(n). Let d(g) = -4*g**2 - 9. Let w(m) = 5*c(m) + d(m). Determine w(9).
-8
Suppose -138*t + 35 = -133*t - 3*w, 0 = 3*w. Let r(h) = h**3 - 7*h**2 + 3*h - 31. Give r(t).
-10
Let m(t) = -t**3 - 23*t**2 - 90*t + 7. Let d(a) = -31*a**2 + 143*a + 42. Let g be d(5). Give m(g).
7
Let q(m) be the first derivative of 3/4*m**4 - 6*m**2 - 3 - 7*m - 11/6*m**3 + 1/20*m**5. Let o(y) be the first derivative of q(y). What is o(-10)?
-2
Let a = 155 + -143. Suppose a*z - 11*z = -6. Let o(g) = -3*g - 4. Calculate o(z).
14
Suppose -24 = -s - 2*s. Let t(b) be the third derivative of -b**5/60 + b**4/4 + 5*b**3/6 - 7082*b**2. Calculate t(s).
-11
Let t be 3 - (10 + -4) - (-39)/13. Let o(c) = -c**3 + c**2 + c + 7. Give o(t).
7
Let x(t) = 2*t**3 + 16*t**2 - 18. Let r(z) = -3*z**3 - 240*z**2 + 242*z - 89. Let q be r(-81). Give x(q).
-18
Let p be 1*-1 + -3 + 1. Let z(h) = 5*h**2 - 8*h + 1. Let o(i) = i - 118*i**2 - 2*i + 119*i**2 - i. Let v(c) = 9*o(c) - 2*z(c). What is v(p)?
-5
Let h(s) = -2*s + 14 - 80 - 6*s. Let z(w) = 3*w + 23. Let l(x) = 6*h(x) + 17*z(x). What is l(4)?
7
Suppose -3*a - 10 = 4*j, 11*j = 3*a + 6*j - 26. Let f(u) = 6*u + 5*u**2 - 8 - 14*u**a + 10*u**2. Determine f(-6).
-8
Suppose 11 = -3*t - 4*j + 23, -16 = -4*t + 5*j. Let l(x) = -4*x**2 - t*x**2 - x**2 + 13*x**2 - 2*x**2 + 5 + 8*x. Let w = -6 - -1. What is l(w)?
15
Let a(l) = -l**3 - 7*l**2 + 8*l + 7. Suppose 4*k = -220 + 432. Suppose u + 61 - k = 0. Determine a(u).
7
Let h(g) = 77*g - 9. Let q(n) = -90*n + 9. Let c(y) = -7*h(y) - 6*q(y). Suppose -4*l - 2*i = -10, -3*l + 6*l - 5*i = 40. Calculate c(l).
14
Let d be (0 - -7) + 29 - 2. Suppose 0 = -3*l + d*l + 62. Let j(u) = u - 2. Calculate j(l).
-4
Let q = -809 - -811. Let l(i) be the third derivative of 1/20*i**5 - 1/6*i**3 + 17*i**q + 0*i + 1/12*i**4 + 0 + 1/60*i**6. What is l(-2)?
-9
Suppose 5*v + 641 = o + 649, -3*o + 3*v = -36. Let p(a) = -a**3 + 17*a**2 + 2*a + 11. Calculate p(o).
45
Let q = 511 + -506. Let h(c) = 1472*c + 14 - q - 2*c**2 - 1477*c + 3*c**2. Give h(6).
15
Suppose 2*r - 7 = -s + 2*s, -4*s + 37 = 5*r. Suppose s*y - 2*i - 2*i = 4, y = 3*i + 8. Let b(v) = 1 - 2*v - 4 + v**3 + 41*v**2 - 37*v**2. Give b(y).
5
Let z(a) = -50*a - 83. Suppose 83*b = -46*b - 35*b - 328. Determine z(b).
17
Let v(p) = -p**2 + 27*p + 197. Let r = -1421 - -1415. Give v(r).
-1
Let d(l) = -194*l + l**3 + 560*l - 32*l**2 - 136*l - 198*l - 31. Give d(31).
0
Suppose -4*v + 5 = -4*z - 7, 4*v - 36 = -4*z. Let o be (23 - 21) + v/(-4)*2. Let t(w) be the first derivative of w**2 - 1. What is t(o)?
-2
Let t(s) = -23*s - 1. Let a be 1/(((-9)/(-6))/3). Let r(v) = -3*v**3 - 81*v**2 + 5*v + 137. Let i be r(-27). Suppose a = i*d - 4*d. Determine t(d).
22
Let i(x) be the first derivative of 5*x**2 + 9*x - 2*x**3 + 268 - 1/4*x**4. Give i(-7).
-12
Let w(y) = y**2 - 5*y - 3. Suppose 9*c = -12*c + 273. Suppose -2*p - 16 = -5*r + c, 3*p - 23 = -2*r. Calculate w(r).
11
Suppose 4*i = 9*i - 3*i. Let l be 20 - (-1 - (2 - i)). Let q(s) = 2 - l*s + 38*s - 23*s + s**2. Determine q(7).
-5
Let h(f) = -4*f**2 - 35*f**2 + 45*f**2 - 4 - f**2 - 1 - 5*f. Determine h(-1).
5
Let b(m) = 3417*m - 6849*m - 6*m**2 + 3425*m + 2*m**3. Give b(4).
4
Let b = 5 - 4. Let x(j) = 5*j**3 - 5*j**2 - 9. Suppose 4*h - 24 = -40. Let k(g) = g**3 + g - 1. Let r(p) = b*x(p) + h*k(p). Determine r(6).
7
Let j(z) = z**3 - 14*z**2 + 2*z - 31. Let v = 2302 + -2288. Give j(v).
-3
Suppose 8*r - 25 = 3*r. Let z(o) = 12194*o - 5 + 12195*o - 24393*o. Give z(r).
-25
Let b be (-73)/(-6) + (125/30)/(-25). Let f(i) = -2*i**2 - 6 + i**3 - b*i - 6 + 0*i**3 + 9*i + 9. Calculate f(3).
-3
Let z(l) = -l**2 - l + 1. Let o(d) = d. Let a(c) = 2*o(c) + z(c). Let g(h) = 2694 + h**3 - 2696 - 3*h**2 - 4*h - h**2. Let y be g(5). Give a(y).
-5
Suppose -4*a + 19 = -3*s, 2*s = -a - 2*s. Suppose 3*l + 0*f + 17 = -f, 4 = a*f. Let z(j) = j - 4 + 3 - 2. Determine z(l).
-9
Suppose -4*i - 20 = 60. Let x be 0 + 12 - i/(-5). Suppose z = -4, x*b = 3*b + z + 24. Let k(a) = -6*a + 6. Give k(b).
-18
Let c(q) = 18*q. Let n be ((-12)/9)/((-10)/(-45)). Let p be (24/54)/(n/27). Determine c(p).
-36
Let c(m) be the second derivative of 0 + 2/3*m**3 + 1/12*m**4 - 1/2*m**2 - 18*m. Let v(a) = a**2 + 3*a - 1. Let f(t) = -3*c(t) + 4*v(t). Determine f(0).
-1
Let c(g) = 7*g**2 + 4*g - 11. Let i be c(2). Suppose 5*d - 30 = -i. Let x(o) = 0*o - o**3 + 2*o**3 + d - 5*o**2 + 3*o + 0*o**3. Determine x(5).
16
Let f = -9 + 35. Let v = -34 + f. Let s(r) = -r + 9. What is s(v)?
17
Suppose -12*i = -7*i - 15. Suppose i*n - 27 = -3*w, 0 = -n - 4*n - 10. Let g(k) = -2*k + 43. Let c(z) = z - 22. Let u(o) = w*c(o) + 6*g(o). Determine u(11).
5
Let t(g) be the third derivative of -g**6/120 + g**5/12 + 5*g**4/24 + g**3 + g**2. Suppose -4*u = -3*z - 4, 3*z + 9 = 5*u + 4. Let s = z - -6. Determine t(s).
0
Suppose -3*c + 5*c = -5*c. Let l(w) = -59*w + 2*w**2 + 1 - 2*w**2 + c*w**2 - 15*w**3 + 61*w. What is l(-1)?
14
Let r(g) = -3094*g + 1542*g + 1539*g - 4*g**2 + 5*g**2 + 17. Suppose 3*a + 51 = 5*h - a, 3*h + 2*a - 35 = 0. Calculate r(h).
-5
Let z(d) = -11*d**3 - 2*d**2 + 12*d. Let x(j) = 7*j**3 + 3*j**2 - 9*j + 1. Let q(u) = -3*x(u) - 2*z(u). Give q(5).
12
Let b(k) = -k**2 + 2 + 815*k - 813*k + 2. Let i = -70 - -76. Suppose 6*l - i = 12. Calculate b(l).
1
Let r(t) = 7833*t + 7842*t + 7835*t - 47 - 23519*t. What is r(-8)?
25
Suppose 19754 = 40*t + 19714. Let l(c) = 130*c - 2. Calculate l(t).
128
Let t(a) be the third derivative of -a**6/120 - 7*a**5/60 - 4*a**3/3 - a**2. Let g(u) = -14840*u + 118713. Let x be g(8). Determine t(x).
-8
Let y(k) = 13*k**3 + 2*k**2 - 6*k - 11. Let l(q) = 52*q**3 - 21 + 4*q**2 - 8*q**3 - 11*q**3 - 9*q**3 - 12*q. Let h(s) = 6*l(s) - 11*y(s). What is h(-4)?
-13
Suppose 111*g - 816 = 179*g. Let w(d) = -d**2 + 5*d - 3. Let y be w(5). Let l = g - y. Let r(a) = -a**2 - 10*a - 11. Give r(l).
-2
Let n(k) = -4*k**3 - 4*k**2 + 2*k + 4. Let f be (-8)/22 + ((-754)/(-22))/(-13). Determine n(f).
70
Let t = 1199/10920 - 31/455. Let c(u) be the third derivative of 1/6*u**3 + 31*u**2 + t*u**4 + 0*u + 0. What is c(-2)?
-1
Let j(i) = -7 - i**2 - 6*i + 32*i - 12*i - 17*i. Let f = -2 - -6. Let a(v) = -v**2 + 3*v - 1. Let d be a(f). Give j(d).
-17
Let l(d) be the second derivative of -d**4/3 - 59*d**3/6 - 24*d**2 - 8709*d. Give l(-14).
-6
Let i(o) = 2*o**2 + 1856*o - 7409. Let k be i(4). Let f(b) = -4*b + 183. What is f(k)?
-5
Let h(o) = o**2 + 24*o + 124. Let y be h(-17). Let t be -5 + 12 + (-10 - y). Let c(n) = n + 9. Calculate c(t).
1
Let j be 9/3*(-2 + 1). Let l(h) = 0 - 3 + 15*h - 17*h + 1. Calculate l(j).
4
Let g be -1 + -2 - (2 - 0). Let t = -187 + 189. Let f(s) = 2*s**t - 3*s**2 + 1 - 6 - 5*s. Calculate f(g).
-5
Suppose -11*v = 202 - 136. Let p(h) = 11*h**3 + 6*h**2 - 19*h + 3. Let c(r) = -2*r**3 + 2*r + 1. Let a(l) = v*c(l) - p(l). Calculate a(6).
33
Let f(u) = -2*u + 19*u**2 - 91*u**2 + 3 + 21*u**2 + 24*u**2 + 29*u**2. Let o = 56 + -54. Calculate f(o).
7
Let y(t) = 133*t - 26. Let x(m) = 46*m - 1. Let v(o) = -3*x(o) + y(o). What is v(-5)?
2
Let t(w) be the third derivative of 24*w**2 + 0 - 1/120*w**6 + 0*w - 5/24*w**4 - 1/10*w**5 + 2/3*w**3. What is t(-5)?
4
Let c(o) = 30*o**2 - 13*o + 33. Let u(t) = 7*t**2 + 1. Let m(a) = -c(a) + 4*u(a). Determine m(3).
-8
Suppose z - 3*z = h + 1, -5*z - 4*h - 10 = 0. Let f(g) = 22*g - 240. Let n be f(11). Let u(t) = 1 - 4*t + 0*t + 2*t + 12*t**2 + 0*t - 13*t**n. Determine u(z).
-7
Let k(l) = l + 4. Suppose -y = -15 + 8. Suppose 2*c + y = -3*p, -2*p = c - p + 5. Let a be c/12 - 20/15. Determine k(a).
2
Let b be ((-168)/(-32))/((-3)/(-100)). Suppose -24 = -b*t + 173*t. Let o(d) = 2*d - 21. Calculate o(t).
3
Let k(h) = h**3 + 3*h**2 - 5*h + 2. Suppose -3*b - 2*m - 1190 = -1170, -m = -b + 5. Give k(b).
16
Let o be 2/(-3)*-10*(35/(-20) + 1). Let m(h) = -5*h**3 + 29*h**2 - h + 17. Let w(z) = z**3 - 7*z**2 - 4. Let c(l) = 2*